{"id":88,"date":"2013-06-11T11:42:19","date_gmt":"2013-06-11T09:42:19","guid":{"rendered":"http:\/\/stowplm.pl\/?page_id=88"},"modified":"2017-12-19T00:51:29","modified_gmt":"2017-12-18T23:51:29","slug":"archiwum","status":"publish","type":"page","link":"http:\/\/stowplm.pl\/?page_id=88","title":{"rendered":"ARCHIWUM"},"content":{"rendered":"<p style=\"text-align: center;\" align=\"center\"><b>Dotychczasowa dzia\u0142alno\u015b\u0107 statutowa<br \/>\n<\/b><b>Stowarzyszenia\u00a0 Absolwent\u00f3w i Sympatyk\u00f3w Liceum Muzycznego w Katowicach<\/b><\/p>\n<p style=\"text-align: justify;\"><span style=\"text-decoration: underline;\">NAGRODY:<\/span><\/p>\n<p style=\"text-align: justify;\">1.\u00a0\u00a0\u00a0\u00a0 <b>Nagrody celowe.<\/b><\/p>\n<p style=\"text-align: justify;\">Stowarzyszenie jest fundatorem specjalnych nagr\u00f3d przyznawanych uczniom szczeg\u00f3lnie zdolnym i\u00a0potrzebuj\u0105cym, kt\u00f3re to nagrody w formie pieni\u0119\u017cnej przeznaczone s\u0105 przede wszystkim na finansowanie koszt\u00f3w udzia\u0142u w\u00a0konkursach zagranicznych, w tym wysokiej op\u0142aty wpisowej. Taka pomoc zostaje udzielona wsz\u0119dzie tam, gdzie sama szko\u0142a z r\u00f3\u017cnych przyczyn nie jest w stanie spe\u0142ni\u0107 tej roli. Walne zgromadzenie Stowarzyszenia postanowi\u0142o nazwa\u0107 ten typ wsparcia mianem \u201eNagrody celowej\u201d.<\/p>\n<p style=\"text-align: justify;\">Do tej pory nagrody te otrzymali:<\/p>\n<p style=\"text-align: justify;\">w roku 2009:<\/p>\n<p style=\"text-align: justify;\">\u0141ukasz Byrdy, Adrian Gawe\u0142, Aleksandra Kru\u017c, Krystian Jarosz,<br \/>\nRados\u0142awa Jasik, Dawid Makosz, Piotr Poskart, Micha\u0142 Stanko,<br \/>\nMarek \u015awierczek, Ma\u0142gorzata Warcaba.<\/p>\n<p style=\"text-align: justify;\">w roku 2010:<\/p>\n<p style=\"text-align: justify;\">Micha\u0142 Kubarski, Filip Mosurek, Wojciech Rysiecki.<\/p>\n<p style=\"text-align: justify;\">w roku 2011:<\/p>\n<p style=\"text-align: justify;\">Emilia Pyci\u0144ska.<\/p>\n<p style=\"text-align: justify;\">w roku 2012:<\/p>\n<p style=\"text-align: justify;\">Olga Czech, Weronika J\u0119drysik, Ma\u0142gorzata Szopa, Marta Bromboszcz, Joanna Galica, Lavinia Laber, Maja Tadajewska, Joanna Kasperczyk, Dariusz Tkaczyk.<\/p>\n<p style=\"text-align: justify;\">2.\u00a0\u00a0\u00a0\u00a0 <b>Nagroda im. Ireny Rymerowej<\/b>.<\/p>\n<p style=\"text-align: justify;\">Od 2012 roku Stowarzyszenie patronuje przyznawaniu Nagrody im. Ireny Rymerowej. Nagroda ta to specjalnie wyr\u00f3\u017cnienie, przyznawane w roku szkolnym tylko jednemu uczniowi klasy maturalnej, kt\u00f3ry odznacza si\u0119 nienagann\u0105 postaw\u0105 moraln\u0105, a tak\u017ce wykazuje szczeg\u00f3lne zainteresowanie przedmiotami humanistycznymi. W roku 2012 Kapitu\u0142a Nagrody przyzna\u0142a j\u0105 Karolinie Ryczek. W roku 2013 nagrody nie przyznano.<\/p>\n<p style=\"text-align: justify;\"><span style=\"text-decoration: underline;\">ORGANIZACJA I WSP\u00d3\u0141ORGANIZACJA IMPREZ: <\/span><\/p>\n<p style=\"text-align: justify;\">1.\u00a0\u00a0\u00a0\u00a0 <b>Jubileusz 75-lecia Szko\u0142y.<\/b><\/p>\n<p style=\"text-align: justify;\">Stowarzyszenie wsp\u00f3\u0142organizowa\u0142o uroczyste obchody 75-lecia utworzenia Liceum Muzycznego w Katowicach. Gali Jubileuszowej, kt\u00f3ra odby\u0142a si\u0119 20 grudnia 2012 roku, towarzyszy\u0142o poprzedzaj\u0105ce j\u0105 spotkanie absolwent\u00f3w Liceum w klasach dzisiejszej siedziby szko\u0142y. Po uroczysto\u015bciach dalszy ci\u0105g wieczoru go\u015bcie sp\u0119dzili w murach Akademii Muzycznej. Tam, przy kolacji serwowanej przez restauracj\u0119 Akolada i muzyce w wykonaniu znakomitego zespo\u0142u Cappuccino, bawiono si\u0119 do p\u00f3\u017anych godzin nocnych. W spotkaniu wzi\u0119\u0142o udzia\u0142 182 absolwent\u00f3w i sympatyk\u00f3w, z czego najliczniej reprezentowa\u0142y si\u0119 roczniki maturalne 1976, 1989 oraz 1990. Zarz\u0105d Stowarzyszenia uhonorowa\u0142 pami\u0105tkowymi dyplomami najstarszych absolwent\u00f3w (roczniki maturalne 1950-1959), jak r\u00f3wnie\u017c urokliwymi podarunkami dziesi\u0119\u0107 absolwenckich par ma\u0142\u017ce\u0144skich. Wr\u0119czono tak\u017ce jubileuszowe laurki z okazji 60-, 50- oraz 25 rocznicy uko\u0144czenia szko\u0142y. Stowarzyszenie sfinansowa\u0142o ca\u0142o\u015b\u0107 imprezy, w tym us\u0142ugi gastronomiczne, transportowe oraz koszty oprawy muzycznej. Organizacji spotkania podj\u0119\u0142y si\u0119 panie: Ma\u0142gorzata Komorowska, Aleksandra Maciejczyk i Ewa Miko\u0142ajczyk.<\/p>\n<p style=\"text-align: justify;\">2.\u00a0\u00a0\u00a0\u00a0 <b>Godni pami\u0119ci.<\/b><\/p>\n<p style=\"text-align: justify;\">We wsp\u00f3\u0142pracy ze szko\u0142\u0105 zmodernizowano k\u0105cik szko\u0142y <i>\u201eGodni Pami\u0119ci\u201d<\/i> po\u015bwi\u0119cony zmar\u0142ym pedagogom. Z inicjatywy by\u0142ego prezesa, obecnie skarbnika, pani Aleksandry Maciejczyk, we wsp\u00f3\u0142pracy z zainteresowanymi pedagogami szko\u0142y uzgodniono kszta\u0142t projektu. Nadzoru nad stron\u0105 realizacyjn\u0105 podj\u0119\u0142a si\u0119 na pro\u015bb\u0119 Stowarzyszenia pedagog \u015bwietlicy, pani Maria Sojka, kt\u00f3ra koordynowa\u0142a poszczeg\u00f3lne etapy prac wykonawcy projektu, firmy <i>\u201eFlex-Art\u201d<\/i>. Korekt\u0105 edytorsk\u0105 zaj\u0105\u0142 si\u0119 pan Marek Ciepierski, natomiast stron\u0105 graficzn\u0105 \u2013 pani Agnieszka B\u0142a\u017cy\u0144ska. Koszty pomalowania \u015bcian oraz monta\u017cu instalacji elektryczno-o\u015bwietleniowej pokry\u0142a szko\u0142a. Zrealizowany projekt odebrano 19.12.2012 r.<\/p>\n<p style=\"text-align: justify;\">3.\u00a0\u00a0\u00a0\u00a0 <b>Konkurs wiedzy o historii szko\u0142y.<\/b><\/p>\n<p style=\"text-align: justify;\">W roku 2013 Stowarzyszenie przyst\u0105pi\u0142o do otwartego konkursu ofert zakresie kultury, sztuki, ochrony d\u00f3br kultury i dziedzictwa narodowego, tytu\u0142uj\u0105c zadanie: <i>\u201e75-letnia dzia\u0142alno\u015b\u0107 Pa\u0144stwowego Liceum Muzycznego znacz\u0105cym elementem historii edukacji muzycznej w mie\u015bcie Katowice\u201d<\/i>. Wynik konkursu ofert by\u0142 dla Stowarzyszenia pomy\u015blny \u2013 dzi\u0119ki otrzymanym \u015brodkom finansowym z Urz\u0119du Miasta Katowice Stowarzyszenie zorganizowa\u0142o Konkurs Wiedzy o Historii Szko\u0142y. Nadzoru nad konkursem podj\u0119\u0142a si\u0119 pani Ewa Miko\u0142ajczyk.<\/p>\n<p style=\"text-align: justify;\">4.\u00a0\u00a0\u00a0\u00a0 <b>Og\u00f3lnopolski Konkurs Kontrabasowy<\/b>.<\/p>\n<p style=\"text-align: justify;\">W 2009, 2011 oraz 2013 roku Stowarzyszenie ufundowa\u0142o nagrody dla finalist\u00f3w drugiej, trzeciej i czwartej edycji Og\u00f3lnopolskiego Konkursu Kontrabasowego im. Witolda Gadzi\u0144skiego, organizowanego w naszej szkole. Opieki nad konkursem podj\u0119\u0142a si\u0119 pani Ma\u0142gorzata Komorowska.<\/p>\n<p style=\"text-align: justify;\">5.\u00a0\u00a0\u00a0\u00a0 <b>Konkurs pianistyczny<\/b>.<\/p>\n<p style=\"text-align: justify;\">W 2011 roku, z inicjatywy \u00f3wczesnej kierownik sekcji fortepianu, organ\u00f3w i akordeonu, a\u00a0obecnej dyrektor szko\u0142y, pani Bernadety Sta\u0144czyk, powsta\u0142 projekt zorganizowania nowego, cyklicznego konkursu, b\u0119d\u0105cego pierwszym katowickim konkursem pianistycznym dla uczni\u00f3w szk\u00f3\u0142 \u015brednich. Od tamtej pory organizowany jest on co roku, a jego dzisiejsza nazwa brzmi: <i>\u201eMi\u0119dzyszkolny Konkurs Pianistyczny im. Anny Weso\u0142owskiej i Haliny Weso\u0142owskiej-Madetko\u201d<\/i>. Stowarzyszenie postanowi\u0142o wspiera\u0107 organizacyjnie wszystkie jego edycje od samego pocz\u0105tku, funduj\u0105c rokrocznie nagrody dla finalist\u00f3w.<\/p>\n<p style=\"text-align: justify;\">W roku 2012 we wsp\u00f3\u0142pracy ze szko\u0142\u0105, dzi\u0119ki pieni\u0105dzom pozyskanym z \u015brodk\u00f3w finansowych Urz\u0119du Miasta Katowice, zrealizowano projekt pt: <i>\u201eKatowice \u2013 ku\u017ani\u0105 muzycznych talent\u00f3w\u201d<\/i>, w kt\u00f3rym zawar\u0142y si\u0119 r\u00f3\u017cne przedsi\u0119wzi\u0119cia muzyczne. I tak \u2013 w\u00a0dniach 20-21.11.2012 mia\u0142y miejsce Warsztaty dla uczni\u00f3w i nauczycieli prowadzone przez prof. Andrzeja Tatarskiego (Akademia Muzyczna w Poznaniu), uwie\u0144czone recitalem fortepianowym w jego wykonaniu, w czasie kt\u00f3rego prof. Tatarski wyg\u0142osi\u0142 tak\u017ce prelekcj\u0119 na temat granych przez siebie utwor\u00f3w. Kolejnymi wydarzeniami w ramach tego projektu by\u0142y: koncert muzyki kameralnej, gdzie wykonawcami byli dr Szymon Krzeszowiec i prof. Wojciech \u015awita\u0142a, wymieniony ju\u017c Mi\u0119dzyszkolny Konkurs Pianistyczny wraz z koncertem laureat\u00f3w, a tak\u017ce recital prof. Moniki Sikorskiej-Wojtachy. Opr\u00f3cz wspomnianych nagr\u00f3d dla laureat\u00f3w Stowarzyszenie finansowa\u0142o tak\u017ce obs\u0142ug\u0119 prawn\u0105 oraz materia\u0142y promocyjno-wydawnicze.<\/p>\n<p style=\"text-align: justify;\">6.\u00a0\u00a0\u00a0\u00a0 <b>Konkurs \u201ePatri Patriae\u201d<\/b>.<\/p>\n<p style=\"text-align: justify;\">W roku 2010 Stowarzyszenie ufundowa\u0142o nagrody dla uczni\u00f3w i absolwent\u00f3w naszej szko\u0142y uhonorowanych w I Mi\u0119dzynarodowym Konkursie Kompozytorskim <i>\u201ePatri Patriae\u201d<\/i> na utw\u00f3r po\u015bwi\u0119cony pami\u0119ci Ojca \u015awi\u0119tego Jana Paw\u0142a II.<\/p>\n<p style=\"text-align: justify;\">Nagrodzonymi byli Nikolet Burzy\u0144ska i Andrzej Filipek.<\/p>\n<p style=\"text-align: justify;\">7.\u00a0\u00a0\u00a0\u00a0 <b>Konkurs skrzypcowy<\/b>.<\/p>\n<p style=\"text-align: justify;\">W 2012 roku Stowarzyszenie ufundowa\u0142o nagrody dla laureat\u00f3w Szkolnego Konkursu etiud skrzypcowych Jacoba Donta.<\/p>\n<p style=\"text-align: justify;\">8.\u00a0\u00a0\u00a0\u00a0 <b>Warsztaty fletowe<\/b>.<\/p>\n<p style=\"text-align: justify;\">W pa\u017adzierniku 2009 roku Stowarzyszenie wraz ze szko\u0142\u0105 by\u0142o wsp\u00f3\u0142organizatorem warsztat\u00f3w fletowych prowadzonych przez absolwentk\u0119 naszej szko\u0142y \u2013 obecnie pedagoga fletu i koncertuj\u0105c\u0105 flecistk\u0119 pracuj\u0105c\u0105 w Niemczech i Szwajcarii \u2013 pani\u0105 Katarzyn\u0119 Bury. Warsztaty obj\u0119\u0142y swym zasi\u0119giem uczni\u00f3w nie tylko naszej szko\u0142y, lecz tak\u017ce szk\u00f3\u0142 ca\u0142ego regionu \u015bl\u0105skiego, stanowi\u0105c dla m\u0142odych flecist\u00f3w, ich rodzic\u00f3w oraz pedagog\u00f3w niezwykle cenne do\u015bwiadczenie artystyczne, metodyczne i pedagogiczne.<\/p>\n<p style=\"text-align: justify;\">9.\u00a0\u00a0\u00a0\u00a0 <b>Dotacje.<\/b><\/p>\n<p style=\"text-align: justify;\">Jednym z element\u00f3w pozyskiwania \u015brodk\u00f3w finansowych by\u0142o uwie\u0144czone sukcesem staranie o dotacj\u0119 z Funduszu Promocyjnego STOART, kt\u00f3r\u0105 Zarz\u0105d STOART przyzna\u0142 naszemu Stowarzyszeniu uchwa\u0142\u0105 Zarz\u0105du z 28 listopada 2012 nr 1376\/2012 pkt 3. Dotacj\u0119 przeznaczono na reklam\u0119 i przygotowania Gali Jubileuszowej oraz cele statutowe, zwi\u0105zane ze wspieraniem m\u0142odych muzyk\u00f3w.<\/p>\n<p style=\"text-align: justify;\">10.\u00a0\u00a0\u00a0\u00a0 <b>Programy ministerialne.<\/b><\/p>\n<p style=\"text-align: justify;\">W 2012 roku Stowarzyszenie dzi\u0119ki aktywno\u015bci wiceprezes, pani Aleksandry \u017bem\u0142y stara\u0142o si\u0119 uzyska\u0107 \u015brodki ministerialne z Instytutu Muzyki i Ta\u0144ca, wyst\u0119puj\u0105c z propozycjami dw\u00f3ch wydarze\u0144 w programie: <i>\u201eKolekcje, priorytet: Zam\u00f3wienia kompozytorskie\u201d<\/i>.<\/p>\n<p style=\"text-align: justify;\">Pierwszy projekt to <i>\u201eKompozycja Justyny Kowalskiej-Laso\u0144 z okazji Zako\u0144czenia Jubileuszowego<\/i><i>, <\/i><i>75-go Roku Szkolnego Pa\u0144stwowej Og\u00f3lnokszta\u0142c\u0105cej Szko\u0142y Muzycznej II st. im. K. Szymanowskiego w Katowicach\u201d<\/i>. Justyna Kowalska jest absolwentk\u0105 szko\u0142y i jej utw\u00f3r w za\u0142o\u017ceniu mia\u0142 by\u0107 zaprezentowany na koncercie zako\u0144czenia roku Jubileuszowego POSM II st. Wniosek zosta\u0142 odrzucony.<\/p>\n<p style=\"text-align: justify;\">Drugi projekt to: <i>\u201eAleksander Nowak: Trio z dedykacj\u0105 \u2013 utw\u00f3r dedykowany absolwentom-instrumentalistom\u201d<\/i>. Wniosek r\u00f3wnie\u017c zosta\u0142 odrzucony.<\/p>\n<p style=\"text-align: justify;\">11.\u00a0\u00a0\u00a0\u00a0 <b>Festiwale.<\/b><\/p>\n<p style=\"text-align: justify;\">W 2011 roku Stowarzyszenie stara\u0142o si\u0119 pozyska\u0107 fundusze na organizacj\u0119 Wodzis\u0142awskiego Festiwalu Muzycznego, kt\u00f3rego go\u015bciem specjalnym by\u0142a absolwentka szko\u0142y, pani Marta Klimasara, a\u00a0dyrektorem artystycznym absolwent, pan Andrzej Otremba. Stowarzyszenie ubiega\u0142o si\u0119 o dotacj\u0119 w ramach <i>Programu Operacyjnego Funduszu Inicjatyw Obywatelskich w obszarze 8 priorytetu 1<\/i>, przedstawiaj\u0105c projekt: <i>\u201eMistrzowie Muzyki\u201d<\/i>. Wniosek zosta\u0142 odrzucony.<\/p>\n<p style=\"text-align: justify;\">W roku 2012 Stowarzyszenie zaanga\u017cowa\u0142o si\u0119 we wsp\u00f3\u0142organizacj\u0119 II Mi\u0119dzynarodowego Festiwalu Skrzypcowego <i>\u201eFritz Kreisler in memoriam\u201d<\/i>, kt\u00f3ry odby\u0142 si\u0119 w terminie 4-7 listopada 2012 roku w Katowicach. Dzi\u0119ki dzia\u0142aniom absolwenta, pana Szymona Krzeszowca pozyskano na ten cel darowizn\u0119 od Przedsi\u0119biorstwa Us\u0142ug Naukowo-Technicznych <i>\u201ePro Novum\u201d<\/i> Sp. z o.o. w Katowicach.<\/p>\n<p style=\"text-align: justify;\">12.\u00a0\u00a0\u00a0\u00a0 <b>Akcja \u201eKup klawisz\u201d.<\/b><\/p>\n<p style=\"text-align: justify;\">W roku szkolnym 2010\/2011 Stowarzyszenie aktywnie uczestniczy\u0142o w pozyskiwaniu \u015brodk\u00f3w finansowych na zakup fortepianu koncertowego marki Fazioli do szkolnej sali koncertowej.<\/p>\n<p style=\"text-align: justify;\">13.\u00a0\u00a0\u00a0\u00a0 <b>Nagranie p\u0142yty<\/b>.<\/p>\n<p style=\"text-align: justify;\">W 2011 roku Stowarzyszenie przy wsparciu finansowym Przedsi\u0119biorstwa Us\u0142ug Naukowo-Technicznych <i>\u201ePro Novum\u201d Sp. z o.o.<\/i> z siedzib\u0105 w Katowicach przy ul. Wr\u00f3bli 38 (KRS:\u00a00000045911, NIP: 634-012-88-25, REGON: 008012818) zrealizowa\u0142o nagranie p\u0142yty <i>\u201eFratres\u201d<\/i> w wykonaniu Szymona Krzeszowca i Niklasa Sivelova. Wydawc\u0105 p\u0142yty jest firma fonograficzna <i>DUX Lech To\u0142wi\u0144ski Ma\u0142gorzata Pola\u0144ska-Szostakowska<\/i><i> <\/i><i>sp\u00f3\u0142ka jawna<\/i>. Stowarzyszenie serdecznie dzi\u0119kuje firmie <i>Pro Novum<\/i> za partnerski udzia\u0142 w realizacji tego wa\u017cnego dla \u015brodowiska muzycznego przedsi\u0119wzi\u0119cia artystycznego.<\/p>\n","protected":false},"excerpt":{"rendered":"<p>Dotychczasowa dzia\u0142alno\u015b\u0107 statutowa Stowarzyszenia\u00a0 Absolwent\u00f3w i Sympatyk\u00f3w Liceum Muzycznego w Katowicach NAGRODY: 1.\u00a0\u00a0\u00a0\u00a0 Nagrody celowe. Stowarzyszenie jest fundatorem specjalnych nagr\u00f3d przyznawanych uczniom szczeg\u00f3lnie zdolnym i\u00a0potrzebuj\u0105cym, kt\u00f3re to nagrody w formie pieni\u0119\u017cnej przeznaczone s\u0105 przede wszystkim na finansowanie koszt\u00f3w udzia\u0142u w\u00a0konkursach zagranicznych, w tym wysokiej op\u0142aty wpisowej. Taka pomoc zostaje udzielona wsz\u0119dzie tam, gdzie sama szko\u0142a &hellip; <\/p>\n<p class=\"link-more\"><a href=\"http:\/\/stowplm.pl\/?page_id=88\" class=\"more-link\">Czytaj dalej<span class=\"screen-reader-text\"> \u201eARCHIWUM\u201d<\/span><\/a><\/p>\n","protected":false},"author":1,"featured_media":0,"parent":0,"menu_order":0,"comment_status":"closed","ping_status":"closed","template":"","meta":{"footnotes":""},"class_list":["post-88","page","type-page","status-publish","hentry"],"_links":{"self":[{"href":"http:\/\/stowplm.pl\/index.php?rest_route=\/wp\/v2\/pages\/88","targetHints":{"allow":["GET"]}}],"collection":[{"href":"http:\/\/stowplm.pl\/index.php?rest_route=\/wp\/v2\/pages"}],"about":[{"href":"http:\/\/stowplm.pl\/index.php?rest_route=\/wp\/v2\/types\/page"}],"author":[{"embeddable":true,"href":"http:\/\/stowplm.pl\/index.php?rest_route=\/wp\/v2\/users\/1"}],"replies":[{"embeddable":true,"href":"http:\/\/stowplm.pl\/index.php?rest_route=%2Fwp%2Fv2%2Fcomments&post=88"}],"version-history":[{"count":5,"href":"http:\/\/stowplm.pl\/index.php?rest_route=\/wp\/v2\/pages\/88\/revisions"}],"predecessor-version":[{"id":474,"href":"http:\/\/stowplm.pl\/index.php?rest_route=\/wp\/v2\/pages\/88\/revisions\/474"}],"wp:attachment":[{"href":"http:\/\/stowplm.pl\/index.php?rest_route=%2Fwp%2Fv2%2Fmedia&parent=88"}],"curies":[{"name":"wp","href":"https:\/\/api.w.org\/{rel}","templated":true}]}}